ate the remainder when 164 is divided by 8.
4
Calculate the remainder when 38 is divided by 5.
3
What is the remainder when 1831 is divided by 39?
37
What is the remainder when 2369 is divided by 113?
109
What is the remainder when 189 is divided by 12?
9
What is the remainder when 51 is divided by 21?
9
What is the remainder when 238 is divided by 124?
114
What is the remainder when 543 is divided by 16?
15
Calculate the remainder when 490 is divided by 97.
5
Calculate the remainder when 351 is divided by 18.
9
What is the remainder when 346 is divided by 90?
76
What is the remainder when 251 is divided by 28?
27
What is the remainder when 165 is divided by 77?
11
Calculate the remainder when 137 is divided by 28.
25
Calculate the remainder when 744 is divided by 120.
24
Calculate the remainder when 380 is divided by 85.
40
What is the remainder when 46 is divided by 27?
19
Calculate the remainder when 253 is divided by 73.
34
What is the remainder when 998 is divided by 27?
26
Calculate the remainder when 359 is divided by 23.
14
Calculate the remainder when 42 is divided by 4.
2
What is the remainder when 79 is divided by 24?
7
Calculate the remainder when 1921 is divided by 621.
58
What is the remainder when 257 is divided by 20?
17
Calculate the remainder when 35922 is divided by 28.
26
What is the remainder when 30998 is divided by 155?
153
Calculate the remainder when 454 is divided by 91.
90
Calculate the remainder when 507 is divided by 252.
3
Calculate the remainder when 11021 is divided by 52.
49
What is the remainder when 305 is divided by 43?
4
Calculate the remainder when 659 is divided by 166.
161
What is the remainder when 287 is divided by 14?
7
What is the remainder when 254 is divided by 20?
14
Calculate the remainder when 1240 is divided by 43.
36
Calculate the remainder when 291 is divided by 88.
27
Calculate the remainder when 579 is divided by 120.
99
Calculate the remainder when 196 is divided by 27.
7
Calculate the remainder when 167 is divided by 38.
15
Calculate the remainder when 2351 is divided by 13.
11
Calculate the remainder when 3059 is divided by 17.
16
What is the remainder when 463 is divided by 16?
15
Calculate the remainder when 297 is divided by 77.
66
What is the remainder when 514 is divided by 504?
10
What is the remainder when 666 is divided by 52?
42
What is the remainder when 365 is divided by 351?
14
What is the remainder when 31 is divided by 20?
11
What is the remainder when 193 is divided by 22?
17
Calculate the remainder when 5729 is divided by 63.
59
Calculate the remainder when 140 is divided by 31.
16
Calculate the remainder when 25414 is divided by 23.
22
What is the remainder when 58 is divided by 17?
7
Calculate the remainder when 1298 is divided by 5.
3
What is the remainder when 605 is divided by 198?
11
Calculate the remainder when 92 is divided by 14.
8
What is the remainder when 79 is divided by 29?
21
Calculate the remainder when 6347 is divided by 73.
69
Calculate the remainder when 1724 is divided by 18.
14
Calculate the remainder when 295 is divided by 29.
5
Calculate the remainder when 867 is divided by 215.
7
Calculate the remainder when 221 is divided by 106.
9
What is the remainder when 13495 is divided by 56?
55
Calculate the remainder when 50 is divided by 22.
6
Calculate the remainder when 9053 is divided by 25.
3
Calculate the remainder when 1885 is divided by 18.
13
What is the remainder when 1454 is divided by 294?
278
What is the remainder when 43 is divided by 11?
10
Calculate the remainder when 1020 is divided by 73.
71
What is the remainder when 89 is divided by 31?
27
What is the remainder when 196 is divided by 179?
17
Calculate the remainder when 687 is divided by 70.
57
Calculate the remainder when 504 is divided by 13.
10
Calculate the remainder when 789 is divided by 244.
57
What is the remainder when 18731 is divided by 19?
16
Calculate the remainder when 1288 is divided by 172.
84
Calculate the remainder when 39 is divided by 7.
4
What is the remainder when 126 is divided by 7?
0
What is the remainder when 289 is divided by 271?
18
Calculate the remainder when 16091 is divided by 149.
148
What is the remainder when 12071 is divided by 21?
17
Calculate the remainder when 101 is divided by 22.
13
Calculate the remainder when 22040 is divided by 107.
105
What is the remainder when 684 is divided by 89?
61
Calculate the remainder when 50 is divided by 12.
2
Calculate the remainder when 665 is divided by 178.
131
Calculate the remainder when 712 is divided by 195.
127
What is the remainder when 680 is divided by 62?
60
What is the remainder when 378 is divided by 50?
28
What is the remainder when 72 is divided by 19?
15
Calculate the remainder when 63 is divided by 23.
17
What is the remainder when 16379 is divided by 4?
3
Calculate the remainder when 15 is divided by 10.
5
Calculate the remainder when 797 is divided by 222.
131
What is the remainder when 774 is divided by 95?
14
Calculate the remainder when 439 is divided by 117.
88
Calculate the remainder when 378 is divided by 16.
10
Calculate the remainder when 1079 is divided by 24.
23
What is the remainder when 149 is divided by 38?
35
What is the remainder when 435 is divided by 109?
108
Calculate the remainder when 40 is divided by 17.
6
What is the remainder when 1721 is divided by 36?
29
What is the remainder when 108 is divided by 31?
15
What is the remainder when 816 is divided by 19?
18
What is the remainder when 63 is divided by 26?
11
What is the remainder when 250 is divided by 135?
115
Calculate the remainder when 311 is divided by 106.
99
What is the remainder when 166 is divided by 95?
71
Calculate the remainder when 3775 is divided by 69.
49
Calculate the remainder when 2454 is divided by 91.
88
What is the remainder when 921 is divided by 22?
19
Calculate the remainder when 670 is divided by 41.
14
What is the remainder when 25703 is divided by 108?
107
Calculate the remainder when 76 is divided by 14.
6
What is the remainder when 560 is divided by 17?
16
Calculate the remainder when 1860 is divided by 229.
28
What is the remainder when 10 is divided by 6?
4
Calculate the remainder when 325 is divided by 106.
7
Calculate the remainder when 166 is divided by 8.
6
What is the remainder when 934 is divided by 34?
16
What is the remainder when 12 is divided by 10?
2
What is the remainder when 569 is divided by 179?
32
What is the remainder when 53 is divided by 11?
9
What is the remainder when 302 is divided by 93?
23
What is the remainder when 233 is divided by 80?
73
Calculate the remainder when 111 is divided by 38.
35
Calculate the remainder when 284 is divided by 29.
23
Calculate the remainder when 3100 is divided by 11.
9
Calculate the remainder when 184 is divided by 171.
13
What is the remainder when 242 is divided by 19?
14
Calculate the remainder when 108 is divided by 29.
21
What is the remainder when 17439 is divided by 17?
14
What is the remainder when 531 is divided by 60?
51
What is the remainder when 61 is divided by 13?
9
What is the remainder when 378 is divided by 49?
35
Calculate the remainder when 787 is divided by 79.
76
Calculate the remainder when 273 is divided by 23.
20
Calculate the remainder when 326 is divided by 47.
44
Calculate the remainder when 245 is divided by 32.
21
What is the remainder when 196 is divided by 18?
16
What is the remainder when 1664 is divided by 98?
96
Calculate the remainder when 119 is divided by 30.
29
What is the remainder when 1674 is divided by 67?
66
Calculate the remainder when 220 is divided by 28.
24
What is the remainder when 82 is divided by 36?
10
What is the remainder when 79 is divided by 41?
38
Calculate the remainder when 47 is divided by 15.
2
What is the remainder when 703 is divided by 135?
28
What is the remainder when 139 is divided by 47?
45
Calculate the remainder when 833 is divided by 277.
2
Calculate the remainder when 169 is divided by 22.
15
Calculate the remainder when 218 is divided by 60.
38
Calculate the remainder when 1368 is divided by 10.
8
Calculate the remainder when 223 is divided by 46.
39
Calculate the remainder when 2036 is divided by 504.
20
What is the remainder when 47 is divided by 6?
5
Calcula